{"id":528,"date":"2023-10-23T00:04:22","date_gmt":"2023-10-23T00:04:22","guid":{"rendered":"https:\/\/metro2cuadrado.com\/?post_type=portfolio&#038;p=528"},"modified":"2023-10-23T00:04:28","modified_gmt":"2023-10-23T00:04:28","slug":"residencia-villa-vitoria-primera-etapa","status":"publish","type":"portfolio","link":"https:\/\/metro2cuadrado.com\/en\/portfolio\/residencia-villa-vitoria-primera-etapa\/","title":{"rendered":"RESIDENCIA VILLA VITORIA PRIMERA ETAPA"},"content":{"rendered":"<div class=\"wpb-content-wrapper\"><div class=\"vc_row wpb_row row top-row\"><div class=\"vc_column_container col-md-12\"><div class=\"wpb_wrapper vc_column-inner\">\n\t<div class=\"wpb_text_column wpb_content_element\" >\n\t\t<div class=\"wpb_wrapper\">\n\t\t\t<p>Un proyecto transformador que se adapt\u00f3 a las necesidades, incorporando un ambiente de diversi\u00f3n a la comodidad del hogar en diferentes etapas. Se le otorg\u00f3 un estilo moderno a cada espacio, creando un lugar donde la diversi\u00f3n y la comodidad convergen de manera excepcional.<\/p>\n\n\t\t<\/div>\n\t<\/div>\n<\/div><\/div><\/div>\n<\/div>","protected":false},"excerpt":{"rendered":"<p>Via a la costa Guayaquil, 28 de abril de 2014 hasta el 31 marzo 2015<\/p>","protected":false},"featured_media":531,"comment_status":"open","ping_status":"closed","template":"","meta":{"footnotes":""},"portfolio_cat":[12],"portfolio_skills":[18,19,21,20],"class_list":["post-528","portfolio","type-portfolio","status-publish","has-post-thumbnail","hentry","portfolio_cat-proyectos-residenciales","portfolio_skills-construccion","portfolio_skills-diseno","portfolio_skills-diseno-interior","portfolio_skills-planificacion"],"yoast_head":"<!-- This site is optimized with the Yoast SEO plugin v22.7 - https:\/\/yoast.com\/wordpress\/plugins\/seo\/ -->\n<title>RESIDENCIA VILLA VITORIA PRIMERA ETAPA - Metro Cuadrado<\/title>\n<meta name=\"robots\" content=\"index, follow, max-snippet:-1, max-image-preview:large, max-video-preview:-1\" \/>\n<link rel=\"canonical\" href=\"https:\/\/metro2cuadrado.com\/en\/portfolio\/residencia-villa-vitoria-primera-etapa\/\" \/>\n<meta property=\"og:locale\" content=\"en_US\" \/>\n<meta property=\"og:type\" content=\"article\" \/>\n<meta property=\"og:title\" content=\"RESIDENCIA VILLA VITORIA PRIMERA ETAPA - Metro Cuadrado\" \/>\n<meta property=\"og:description\" content=\"Via a la costa Guayaquil, 28 de abril de 2014 hasta el 31 marzo 2015\" \/>\n<meta property=\"og:url\" content=\"https:\/\/metro2cuadrado.com\/en\/portfolio\/residencia-villa-vitoria-primera-etapa\/\" \/>\n<meta property=\"og:site_name\" content=\"Metro Cuadrado\" \/>\n<meta property=\"article:publisher\" content=\"https:\/\/www.facebook.com\/metro2cuadradoEC\" \/>\n<meta property=\"article:modified_time\" content=\"2023-10-23T00:04:28+00:00\" \/>\n<meta property=\"og:image\" content=\"https:\/\/metro2cuadrado.com\/wp-content\/uploads\/2023\/10\/VV1-03.jpg\" \/>\n\t<meta property=\"og:image:width\" content=\"1200\" \/>\n\t<meta property=\"og:image:height\" content=\"800\" \/>\n\t<meta property=\"og:image:type\" content=\"image\/jpeg\" \/>\n<meta name=\"twitter:card\" content=\"summary_large_image\" \/>\n<meta name=\"twitter:label1\" content=\"Est. reading time\" \/>\n\t<meta name=\"twitter:data1\" content=\"1 minute\" \/>\n<script type=\"application\/ld+json\" class=\"yoast-schema-graph\">{\"@context\":\"https:\/\/schema.org\",\"@graph\":[{\"@type\":\"WebPage\",\"@id\":\"https:\/\/metro2cuadrado.com\/portfolio\/residencia-villa-vitoria-primera-etapa\/\",\"url\":\"https:\/\/metro2cuadrado.com\/portfolio\/residencia-villa-vitoria-primera-etapa\/\",\"name\":\"RESIDENCIA VILLA VITORIA PRIMERA ETAPA - Metro Cuadrado\",\"isPartOf\":{\"@id\":\"https:\/\/metro2cuadrado.com\/#website\"},\"primaryImageOfPage\":{\"@id\":\"https:\/\/metro2cuadrado.com\/portfolio\/residencia-villa-vitoria-primera-etapa\/#primaryimage\"},\"image\":{\"@id\":\"https:\/\/metro2cuadrado.com\/portfolio\/residencia-villa-vitoria-primera-etapa\/#primaryimage\"},\"thumbnailUrl\":\"https:\/\/metro2cuadrado.com\/wp-content\/uploads\/2023\/10\/VV1-03.jpg\",\"datePublished\":\"2023-10-23T00:04:22+00:00\",\"dateModified\":\"2023-10-23T00:04:28+00:00\",\"breadcrumb\":{\"@id\":\"https:\/\/metro2cuadrado.com\/portfolio\/residencia-villa-vitoria-primera-etapa\/#breadcrumb\"},\"inLanguage\":\"en-US\",\"potentialAction\":[{\"@type\":\"ReadAction\",\"target\":[\"https:\/\/metro2cuadrado.com\/portfolio\/residencia-villa-vitoria-primera-etapa\/\"]}]},{\"@type\":\"ImageObject\",\"inLanguage\":\"en-US\",\"@id\":\"https:\/\/metro2cuadrado.com\/portfolio\/residencia-villa-vitoria-primera-etapa\/#primaryimage\",\"url\":\"https:\/\/metro2cuadrado.com\/wp-content\/uploads\/2023\/10\/VV1-03.jpg\",\"contentUrl\":\"https:\/\/metro2cuadrado.com\/wp-content\/uploads\/2023\/10\/VV1-03.jpg\",\"width\":1200,\"height\":800},{\"@type\":\"BreadcrumbList\",\"@id\":\"https:\/\/metro2cuadrado.com\/portfolio\/residencia-villa-vitoria-primera-etapa\/#breadcrumb\",\"itemListElement\":[{\"@type\":\"ListItem\",\"position\":1,\"name\":\"Portada\",\"item\":\"https:\/\/metro2cuadrado.com\/\"},{\"@type\":\"ListItem\",\"position\":2,\"name\":\"Portfolios\",\"item\":\"https:\/\/metro2cuadrado.com\/portfolio\/\"},{\"@type\":\"ListItem\",\"position\":3,\"name\":\"RESIDENCIA VILLA VITORIA PRIMERA ETAPA\"}]},{\"@type\":\"WebSite\",\"@id\":\"https:\/\/metro2cuadrado.com\/#website\",\"url\":\"https:\/\/metro2cuadrado.com\/\",\"name\":\"Metro Cuadrado\",\"description\":\"Arquitectura e Ingenier&iacute;a\",\"potentialAction\":[{\"@type\":\"SearchAction\",\"target\":{\"@type\":\"EntryPoint\",\"urlTemplate\":\"https:\/\/metro2cuadrado.com\/?s={search_term_string}\"},\"query-input\":\"required name=search_term_string\"}],\"inLanguage\":\"en-US\"}]}<\/script>\n<!-- \/ Yoast SEO plugin. -->","yoast_head_json":{"title":"RESIDENCIA VILLA VITORIA PRIMERA ETAPA - Metro Cuadrado","robots":{"index":"index","follow":"follow","max-snippet":"max-snippet:-1","max-image-preview":"max-image-preview:large","max-video-preview":"max-video-preview:-1"},"canonical":"https:\/\/metro2cuadrado.com\/en\/portfolio\/residencia-villa-vitoria-primera-etapa\/","og_locale":"en_US","og_type":"article","og_title":"RESIDENCIA VILLA VITORIA PRIMERA ETAPA - Metro Cuadrado","og_description":"Via a la costa Guayaquil, 28 de abril de 2014 hasta el 31 marzo 2015","og_url":"https:\/\/metro2cuadrado.com\/en\/portfolio\/residencia-villa-vitoria-primera-etapa\/","og_site_name":"Metro Cuadrado","article_publisher":"https:\/\/www.facebook.com\/metro2cuadradoEC","article_modified_time":"2023-10-23T00:04:28+00:00","og_image":[{"width":1200,"height":800,"url":"https:\/\/metro2cuadrado.com\/wp-content\/uploads\/2023\/10\/VV1-03.jpg","type":"image\/jpeg"}],"twitter_card":"summary_large_image","twitter_misc":{"Est. reading time":"1 minute"},"schema":{"@context":"https:\/\/schema.org","@graph":[{"@type":"WebPage","@id":"https:\/\/metro2cuadrado.com\/portfolio\/residencia-villa-vitoria-primera-etapa\/","url":"https:\/\/metro2cuadrado.com\/portfolio\/residencia-villa-vitoria-primera-etapa\/","name":"RESIDENCIA VILLA VITORIA PRIMERA ETAPA - Metro Cuadrado","isPartOf":{"@id":"https:\/\/metro2cuadrado.com\/#website"},"primaryImageOfPage":{"@id":"https:\/\/metro2cuadrado.com\/portfolio\/residencia-villa-vitoria-primera-etapa\/#primaryimage"},"image":{"@id":"https:\/\/metro2cuadrado.com\/portfolio\/residencia-villa-vitoria-primera-etapa\/#primaryimage"},"thumbnailUrl":"https:\/\/metro2cuadrado.com\/wp-content\/uploads\/2023\/10\/VV1-03.jpg","datePublished":"2023-10-23T00:04:22+00:00","dateModified":"2023-10-23T00:04:28+00:00","breadcrumb":{"@id":"https:\/\/metro2cuadrado.com\/portfolio\/residencia-villa-vitoria-primera-etapa\/#breadcrumb"},"inLanguage":"en-US","potentialAction":[{"@type":"ReadAction","target":["https:\/\/metro2cuadrado.com\/portfolio\/residencia-villa-vitoria-primera-etapa\/"]}]},{"@type":"ImageObject","inLanguage":"en-US","@id":"https:\/\/metro2cuadrado.com\/portfolio\/residencia-villa-vitoria-primera-etapa\/#primaryimage","url":"https:\/\/metro2cuadrado.com\/wp-content\/uploads\/2023\/10\/VV1-03.jpg","contentUrl":"https:\/\/metro2cuadrado.com\/wp-content\/uploads\/2023\/10\/VV1-03.jpg","width":1200,"height":800},{"@type":"BreadcrumbList","@id":"https:\/\/metro2cuadrado.com\/portfolio\/residencia-villa-vitoria-primera-etapa\/#breadcrumb","itemListElement":[{"@type":"ListItem","position":1,"name":"Portada","item":"https:\/\/metro2cuadrado.com\/"},{"@type":"ListItem","position":2,"name":"Portfolios","item":"https:\/\/metro2cuadrado.com\/portfolio\/"},{"@type":"ListItem","position":3,"name":"RESIDENCIA VILLA VITORIA PRIMERA ETAPA"}]},{"@type":"WebSite","@id":"https:\/\/metro2cuadrado.com\/#website","url":"https:\/\/metro2cuadrado.com\/","name":"Metro Cuadrado","description":"Arquitectura e Ingenier&iacute;a","potentialAction":[{"@type":"SearchAction","target":{"@type":"EntryPoint","urlTemplate":"https:\/\/metro2cuadrado.com\/?s={search_term_string}"},"query-input":"required name=search_term_string"}],"inLanguage":"en-US"}]}},"_links":{"self":[{"href":"https:\/\/metro2cuadrado.com\/en\/wp-json\/wp\/v2\/portfolio\/528","targetHints":{"allow":["GET"]}}],"collection":[{"href":"https:\/\/metro2cuadrado.com\/en\/wp-json\/wp\/v2\/portfolio"}],"about":[{"href":"https:\/\/metro2cuadrado.com\/en\/wp-json\/wp\/v2\/types\/portfolio"}],"replies":[{"embeddable":true,"href":"https:\/\/metro2cuadrado.com\/en\/wp-json\/wp\/v2\/comments?post=528"}],"version-history":[{"count":1,"href":"https:\/\/metro2cuadrado.com\/en\/wp-json\/wp\/v2\/portfolio\/528\/revisions"}],"predecessor-version":[{"id":532,"href":"https:\/\/metro2cuadrado.com\/en\/wp-json\/wp\/v2\/portfolio\/528\/revisions\/532"}],"wp:featuredmedia":[{"embeddable":true,"href":"https:\/\/metro2cuadrado.com\/en\/wp-json\/wp\/v2\/media\/531"}],"wp:attachment":[{"href":"https:\/\/metro2cuadrado.com\/en\/wp-json\/wp\/v2\/media?parent=528"}],"wp:term":[{"taxonomy":"portfolio_cat","embeddable":true,"href":"https:\/\/metro2cuadrado.com\/en\/wp-json\/wp\/v2\/portfolio_cat?post=528"},{"taxonomy":"portfolio_skills","embeddable":true,"href":"https:\/\/metro2cuadrado.com\/en\/wp-json\/wp\/v2\/portfolio_skills?post=528"}],"curies":[{"name":"wp","href":"https:\/\/api.w.org\/{rel}","templated":true}]}}

<div class="wpb-content-wrapper"><div class="vc_row wpb_row row top-row"><div class="vc_column_container col-md-12"><div class="wpb_wrapper vc_column-inner">
	<div class="wpb_text_column wpb_content_element" >
		<div class="wpb_wrapper">
			<p>Un proyecto transformador que se adaptó a las necesidades, incorporando un ambiente de diversión a la comodidad del hogar en diferentes etapas. Se le otorgó un estilo moderno a cada espacio, creando un lugar donde la diversión y la comodidad convergen de manera excepcional.</p>

		</div>
	</div>
</div></div></div>
</div>
