{"id":504,"date":"2023-10-22T21:13:36","date_gmt":"2023-10-22T21:13:36","guid":{"rendered":"https:\/\/metro2cuadrado.com\/?post_type=portfolio&#038;p=504"},"modified":"2023-10-22T21:15:48","modified_gmt":"2023-10-22T21:15:48","slug":"residencia-ar","status":"publish","type":"portfolio","link":"https:\/\/metro2cuadrado.com\/en\/portfolio\/residencia-ar\/","title":{"rendered":"RESIDENCIA AR"},"content":{"rendered":"<div class=\"wpb-content-wrapper\"><div class=\"vc_row wpb_row row top-row\"><div class=\"vc_column_container col-md-12\"><div class=\"wpb_wrapper vc_column-inner\">\n\t<div class=\"wpb_text_column wpb_content_element\" >\n\t\t<div class=\"wpb_wrapper\">\n\t\t\t<p>La residencia AR, en el Cant\u00f3n San Borond\u00f3n de la provincia de Guayas, es un hogar que irradia ambientes frescos y llenos de luz. Esta casa moderna combina lo mejor del dise\u00f1o contempor\u00e1neo con todas las comodidades que una familia podr\u00eda desear.<\/p>\n\n\t\t<\/div>\n\t<\/div>\n<\/div><\/div><\/div>\n<\/div>","protected":false},"excerpt":{"rendered":"<p>La residencia AR, en el Cant\u00f3n Samborondon de la provincia de Guayas, es un hogar que irradia ambientes frescos y llenos de luz.<\/p>","protected":false},"featured_media":506,"comment_status":"open","ping_status":"closed","template":"","meta":{"footnotes":""},"portfolio_cat":[12],"portfolio_skills":[18,19,21,20],"class_list":["post-504","portfolio","type-portfolio","status-publish","has-post-thumbnail","hentry","portfolio_cat-proyectos-residenciales","portfolio_skills-construccion","portfolio_skills-diseno","portfolio_skills-diseno-interior","portfolio_skills-planificacion"],"yoast_head":"<!-- This site is optimized with the Yoast SEO plugin v22.7 - https:\/\/yoast.com\/wordpress\/plugins\/seo\/ -->\n<title>RESIDENCIA AR - Metro Cuadrado<\/title>\n<meta name=\"robots\" content=\"index, follow, max-snippet:-1, max-image-preview:large, max-video-preview:-1\" \/>\n<link rel=\"canonical\" href=\"https:\/\/metro2cuadrado.com\/en\/portfolio\/residencia-ar\/\" \/>\n<meta property=\"og:locale\" content=\"en_US\" \/>\n<meta property=\"og:type\" content=\"article\" \/>\n<meta property=\"og:title\" content=\"RESIDENCIA AR - Metro Cuadrado\" \/>\n<meta property=\"og:description\" content=\"La residencia AR, en el Cant\u00f3n Samborondon de la provincia de Guayas, es un hogar que irradia ambientes frescos y llenos de luz.\" \/>\n<meta property=\"og:url\" content=\"https:\/\/metro2cuadrado.com\/en\/portfolio\/residencia-ar\/\" \/>\n<meta property=\"og:site_name\" content=\"Metro Cuadrado\" \/>\n<meta property=\"article:publisher\" content=\"https:\/\/www.facebook.com\/metro2cuadradoEC\" \/>\n<meta property=\"article:modified_time\" content=\"2023-10-22T21:15:48+00:00\" \/>\n<meta property=\"og:image\" content=\"https:\/\/metro2cuadrado.com\/wp-content\/uploads\/2023\/10\/AR-02.jpg\" \/>\n\t<meta property=\"og:image:width\" content=\"1200\" \/>\n\t<meta property=\"og:image:height\" content=\"800\" \/>\n\t<meta property=\"og:image:type\" content=\"image\/jpeg\" \/>\n<meta name=\"twitter:card\" content=\"summary_large_image\" \/>\n<meta name=\"twitter:label1\" content=\"Est. reading time\" \/>\n\t<meta name=\"twitter:data1\" content=\"1 minute\" \/>\n<script type=\"application\/ld+json\" class=\"yoast-schema-graph\">{\"@context\":\"https:\/\/schema.org\",\"@graph\":[{\"@type\":\"WebPage\",\"@id\":\"https:\/\/metro2cuadrado.com\/portfolio\/residencia-ar\/\",\"url\":\"https:\/\/metro2cuadrado.com\/portfolio\/residencia-ar\/\",\"name\":\"RESIDENCIA AR - Metro Cuadrado\",\"isPartOf\":{\"@id\":\"https:\/\/metro2cuadrado.com\/#website\"},\"primaryImageOfPage\":{\"@id\":\"https:\/\/metro2cuadrado.com\/portfolio\/residencia-ar\/#primaryimage\"},\"image\":{\"@id\":\"https:\/\/metro2cuadrado.com\/portfolio\/residencia-ar\/#primaryimage\"},\"thumbnailUrl\":\"https:\/\/metro2cuadrado.com\/wp-content\/uploads\/2023\/10\/AR-02.jpg\",\"datePublished\":\"2023-10-22T21:13:36+00:00\",\"dateModified\":\"2023-10-22T21:15:48+00:00\",\"breadcrumb\":{\"@id\":\"https:\/\/metro2cuadrado.com\/portfolio\/residencia-ar\/#breadcrumb\"},\"inLanguage\":\"en-US\",\"potentialAction\":[{\"@type\":\"ReadAction\",\"target\":[\"https:\/\/metro2cuadrado.com\/portfolio\/residencia-ar\/\"]}]},{\"@type\":\"ImageObject\",\"inLanguage\":\"en-US\",\"@id\":\"https:\/\/metro2cuadrado.com\/portfolio\/residencia-ar\/#primaryimage\",\"url\":\"https:\/\/metro2cuadrado.com\/wp-content\/uploads\/2023\/10\/AR-02.jpg\",\"contentUrl\":\"https:\/\/metro2cuadrado.com\/wp-content\/uploads\/2023\/10\/AR-02.jpg\",\"width\":1200,\"height\":800},{\"@type\":\"BreadcrumbList\",\"@id\":\"https:\/\/metro2cuadrado.com\/portfolio\/residencia-ar\/#breadcrumb\",\"itemListElement\":[{\"@type\":\"ListItem\",\"position\":1,\"name\":\"Portada\",\"item\":\"https:\/\/metro2cuadrado.com\/\"},{\"@type\":\"ListItem\",\"position\":2,\"name\":\"Portfolios\",\"item\":\"https:\/\/metro2cuadrado.com\/portfolio\/\"},{\"@type\":\"ListItem\",\"position\":3,\"name\":\"RESIDENCIA AR\"}]},{\"@type\":\"WebSite\",\"@id\":\"https:\/\/metro2cuadrado.com\/#website\",\"url\":\"https:\/\/metro2cuadrado.com\/\",\"name\":\"Metro Cuadrado\",\"description\":\"Arquitectura e Ingenier&iacute;a\",\"potentialAction\":[{\"@type\":\"SearchAction\",\"target\":{\"@type\":\"EntryPoint\",\"urlTemplate\":\"https:\/\/metro2cuadrado.com\/?s={search_term_string}\"},\"query-input\":\"required name=search_term_string\"}],\"inLanguage\":\"en-US\"}]}<\/script>\n<!-- \/ Yoast SEO plugin. -->","yoast_head_json":{"title":"RESIDENCIA AR - Metro Cuadrado","robots":{"index":"index","follow":"follow","max-snippet":"max-snippet:-1","max-image-preview":"max-image-preview:large","max-video-preview":"max-video-preview:-1"},"canonical":"https:\/\/metro2cuadrado.com\/en\/portfolio\/residencia-ar\/","og_locale":"en_US","og_type":"article","og_title":"RESIDENCIA AR - Metro Cuadrado","og_description":"La residencia AR, en el Cant\u00f3n Samborondon de la provincia de Guayas, es un hogar que irradia ambientes frescos y llenos de luz.","og_url":"https:\/\/metro2cuadrado.com\/en\/portfolio\/residencia-ar\/","og_site_name":"Metro Cuadrado","article_publisher":"https:\/\/www.facebook.com\/metro2cuadradoEC","article_modified_time":"2023-10-22T21:15:48+00:00","og_image":[{"width":1200,"height":800,"url":"https:\/\/metro2cuadrado.com\/wp-content\/uploads\/2023\/10\/AR-02.jpg","type":"image\/jpeg"}],"twitter_card":"summary_large_image","twitter_misc":{"Est. reading time":"1 minute"},"schema":{"@context":"https:\/\/schema.org","@graph":[{"@type":"WebPage","@id":"https:\/\/metro2cuadrado.com\/portfolio\/residencia-ar\/","url":"https:\/\/metro2cuadrado.com\/portfolio\/residencia-ar\/","name":"RESIDENCIA AR - Metro Cuadrado","isPartOf":{"@id":"https:\/\/metro2cuadrado.com\/#website"},"primaryImageOfPage":{"@id":"https:\/\/metro2cuadrado.com\/portfolio\/residencia-ar\/#primaryimage"},"image":{"@id":"https:\/\/metro2cuadrado.com\/portfolio\/residencia-ar\/#primaryimage"},"thumbnailUrl":"https:\/\/metro2cuadrado.com\/wp-content\/uploads\/2023\/10\/AR-02.jpg","datePublished":"2023-10-22T21:13:36+00:00","dateModified":"2023-10-22T21:15:48+00:00","breadcrumb":{"@id":"https:\/\/metro2cuadrado.com\/portfolio\/residencia-ar\/#breadcrumb"},"inLanguage":"en-US","potentialAction":[{"@type":"ReadAction","target":["https:\/\/metro2cuadrado.com\/portfolio\/residencia-ar\/"]}]},{"@type":"ImageObject","inLanguage":"en-US","@id":"https:\/\/metro2cuadrado.com\/portfolio\/residencia-ar\/#primaryimage","url":"https:\/\/metro2cuadrado.com\/wp-content\/uploads\/2023\/10\/AR-02.jpg","contentUrl":"https:\/\/metro2cuadrado.com\/wp-content\/uploads\/2023\/10\/AR-02.jpg","width":1200,"height":800},{"@type":"BreadcrumbList","@id":"https:\/\/metro2cuadrado.com\/portfolio\/residencia-ar\/#breadcrumb","itemListElement":[{"@type":"ListItem","position":1,"name":"Portada","item":"https:\/\/metro2cuadrado.com\/"},{"@type":"ListItem","position":2,"name":"Portfolios","item":"https:\/\/metro2cuadrado.com\/portfolio\/"},{"@type":"ListItem","position":3,"name":"RESIDENCIA AR"}]},{"@type":"WebSite","@id":"https:\/\/metro2cuadrado.com\/#website","url":"https:\/\/metro2cuadrado.com\/","name":"Metro Cuadrado","description":"Arquitectura e Ingenier&iacute;a","potentialAction":[{"@type":"SearchAction","target":{"@type":"EntryPoint","urlTemplate":"https:\/\/metro2cuadrado.com\/?s={search_term_string}"},"query-input":"required name=search_term_string"}],"inLanguage":"en-US"}]}},"_links":{"self":[{"href":"https:\/\/metro2cuadrado.com\/en\/wp-json\/wp\/v2\/portfolio\/504","targetHints":{"allow":["GET"]}}],"collection":[{"href":"https:\/\/metro2cuadrado.com\/en\/wp-json\/wp\/v2\/portfolio"}],"about":[{"href":"https:\/\/metro2cuadrado.com\/en\/wp-json\/wp\/v2\/types\/portfolio"}],"replies":[{"embeddable":true,"href":"https:\/\/metro2cuadrado.com\/en\/wp-json\/wp\/v2\/comments?post=504"}],"version-history":[{"count":3,"href":"https:\/\/metro2cuadrado.com\/en\/wp-json\/wp\/v2\/portfolio\/504\/revisions"}],"predecessor-version":[{"id":510,"href":"https:\/\/metro2cuadrado.com\/en\/wp-json\/wp\/v2\/portfolio\/504\/revisions\/510"}],"wp:featuredmedia":[{"embeddable":true,"href":"https:\/\/metro2cuadrado.com\/en\/wp-json\/wp\/v2\/media\/506"}],"wp:attachment":[{"href":"https:\/\/metro2cuadrado.com\/en\/wp-json\/wp\/v2\/media?parent=504"}],"wp:term":[{"taxonomy":"portfolio_cat","embeddable":true,"href":"https:\/\/metro2cuadrado.com\/en\/wp-json\/wp\/v2\/portfolio_cat?post=504"},{"taxonomy":"portfolio_skills","embeddable":true,"href":"https:\/\/metro2cuadrado.com\/en\/wp-json\/wp\/v2\/portfolio_skills?post=504"}],"curies":[{"name":"wp","href":"https:\/\/api.w.org\/{rel}","templated":true}]}}

<div class="wpb-content-wrapper"><div class="vc_row wpb_row row top-row"><div class="vc_column_container col-md-12"><div class="wpb_wrapper vc_column-inner">
	<div class="wpb_text_column wpb_content_element" >
		<div class="wpb_wrapper">
			<p>La residencia AR, en el Cantón San Borondón de la provincia de Guayas, es un hogar que irradia ambientes frescos y llenos de luz. Esta casa moderna combina lo mejor del diseño contemporáneo con todas las comodidades que una familia podría desear.</p>

		</div>
	</div>
</div></div></div>
</div>

<p>La residencia AR, en el Cantón Samborondon de la provincia de Guayas, es un hogar que irradia ambientes frescos y llenos de luz.</p>

<!-- This site is optimized with the Yoast SEO plugin v22.7 - https://yoast.com/wordpress/plugins/seo/ -->
<title>RESIDENCIA AR - Metro Cuadrado</title>
<meta name="robots" content="index, follow, max-snippet:-1, max-image-preview:large, max-video-preview:-1" />
<link rel="canonical" href="https://metro2cuadrado.com/en/portfolio/residencia-ar/" />
<meta property="og:locale" content="en_US" />
<meta property="og:type" content="article" />
<meta property="og:title" content="RESIDENCIA AR - Metro Cuadrado" />
<meta property="og:description" content="La residencia AR, en el Cantón Samborondon de la provincia de Guayas, es un hogar que irradia ambientes frescos y llenos de luz." />
<meta property="og:url" content="https://metro2cuadrado.com/en/portfolio/residencia-ar/" />
<meta property="og:site_name" content="Metro Cuadrado" />
<meta property="article:publisher" content="https://www.facebook.com/metro2cuadradoEC" />
<meta property="article:modified_time" content="2023-10-22T21:15:48+00:00" />
<meta property="og:image" content="https://metro2cuadrado.com/wp-content/uploads/2023/10/AR-02.jpg" />
	<meta property="og:image:width" content="1200" />
	<meta property="og:image:height" content="800" />
	<meta property="og:image:type" content="image/jpeg" />
<meta name="twitter:card" content="summary_large_image" />
<meta name="twitter:label1" content="Est. reading time" />
	<meta name="twitter:data1" content="1 minute" />
<script type="application/ld+json" class="yoast-schema-graph">{"@context":"https://schema.org","@graph":[{"@type":"WebPage","@id":"https://metro2cuadrado.com/portfolio/residencia-ar/","url":"https://metro2cuadrado.com/portfolio/residencia-ar/","name":"RESIDENCIA AR - Metro Cuadrado","isPartOf":{"@id":"https://metro2cuadrado.com/#website"},"primaryImageOfPage":{"@id":"https://metro2cuadrado.com/portfolio/residencia-ar/#primaryimage"},"image":{"@id":"https://metro2cuadrado.com/portfolio/residencia-ar/#primaryimage"},"thumbnailUrl":"https://metro2cuadrado.com/wp-content/uploads/2023/10/AR-02.jpg","datePublished":"2023-10-22T21:13:36+00:00","dateModified":"2023-10-22T21:15:48+00:00","breadcrumb":{"@id":"https://metro2cuadrado.com/portfolio/residencia-ar/#breadcrumb"},"inLanguage":"en-US","potentialAction":[{"@type":"ReadAction","target":["https://metro2cuadrado.com/portfolio/residencia-ar/"]}]},{"@type":"ImageObject","inLanguage":"en-US","@id":"https://metro2cuadrado.com/portfolio/residencia-ar/#primaryimage","url":"https://metro2cuadrado.com/wp-content/uploads/2023/10/AR-02.jpg","contentUrl":"https://metro2cuadrado.com/wp-content/uploads/2023/10/AR-02.jpg","width":1200,"height":800},{"@type":"BreadcrumbList","@id":"https://metro2cuadrado.com/portfolio/residencia-ar/#breadcrumb","itemListElement":[{"@type":"ListItem","position":1,"name":"Portada","item":"https://metro2cuadrado.com/"},{"@type":"ListItem","position":2,"name":"Portfolios","item":"https://metro2cuadrado.com/portfolio/"},{"@type":"ListItem","position":3,"name":"RESIDENCIA AR"}]},{"@type":"WebSite","@id":"https://metro2cuadrado.com/#website","url":"https://metro2cuadrado.com/","name":"Metro Cuadrado","description":"Arquitectura e Ingenier&iacute;a","potentialAction":[{"@type":"SearchAction","target":{"@type":"EntryPoint","urlTemplate":"https://metro2cuadrado.com/?s={search_term_string}"},"query-input":"required name=search_term_string"}],"inLanguage":"en-US"}]}</script>
<!-- / Yoast SEO plugin. -->

La residencia AR, en el Cantón Samborondon de la provincia de Guayas, es un hogar que irradia ambientes frescos y llenos de luz.
