{"id":180,"date":"2019-05-20T18:41:14","date_gmt":"2019-05-20T18:41:14","guid":{"rendered":"http:\/\/sw-themes.com\/porto_dummy\/?post_type=portfolio&#038;p=180"},"modified":"2023-10-28T02:11:48","modified_gmt":"2023-10-28T02:11:48","slug":"project-1","status":"publish","type":"portfolio","link":"https:\/\/metro2cuadrado.com\/en\/portfolio\/project-1\/","title":{"rendered":"Centro de Atenci\u00f3n Ciudadana Santa Elena"},"content":{"rendered":"<div class=\"wpb-content-wrapper\"><div class=\"vc_row wpb_row row top-row\"><div class=\"vc_column_container col-md-12\"><div class=\"wpb_wrapper vc_column-inner\">\n\t<div class=\"wpb_text_column wpb_content_element\" >\n\t\t<div class=\"wpb_wrapper\">\n\t\t\t<p>El CAC de Santa Elena naci\u00f3 de la transformaci\u00f3n de un centro comercial en un espacio que atiende a las necesidades del sector p\u00fablico y la comunidad. Ofrece oficinas funcionales para los trabajadores, amplios espacios para la ciudadan\u00eda y todos los servicios esenciales que la comunidad requiere, proporcionando un lugar eficiente y accesible para todos.<\/p>\n\n\t\t<\/div>\n\t<\/div>\n<\/div><\/div><\/div>\n<\/div>","protected":false},"excerpt":{"rendered":"<p>SANTA ELENA, 28 de abril de 2014 hasta el 31 marzo 2015<\/p>","protected":false},"featured_media":308,"comment_status":"open","ping_status":"closed","template":"","meta":{"footnotes":""},"portfolio_cat":[14],"portfolio_skills":[18,20,22],"class_list":["post-180","portfolio","type-portfolio","status-publish","has-post-thumbnail","hentry","portfolio_cat-proyectos-comerciales","portfolio_skills-construccion","portfolio_skills-planificacion","portfolio_skills-remodelacion"],"yoast_head":"<!-- This site is optimized with the Yoast SEO plugin v22.7 - https:\/\/yoast.com\/wordpress\/plugins\/seo\/ -->\n<title>Centro de Atenci\u00f3n Ciudadana Santa Elena - Metro Cuadrado<\/title>\n<meta name=\"robots\" content=\"index, follow, max-snippet:-1, max-image-preview:large, max-video-preview:-1\" \/>\n<link rel=\"canonical\" href=\"https:\/\/metro2cuadrado.com\/en\/portfolio\/project-1\/\" \/>\n<meta property=\"og:locale\" content=\"en_US\" \/>\n<meta property=\"og:type\" content=\"article\" \/>\n<meta property=\"og:title\" content=\"Centro de Atenci\u00f3n Ciudadana Santa Elena - Metro Cuadrado\" \/>\n<meta property=\"og:description\" content=\"SANTA ELENA, 28 de abril de 2014 hasta el 31 marzo 2015\" \/>\n<meta property=\"og:url\" content=\"https:\/\/metro2cuadrado.com\/en\/portfolio\/project-1\/\" \/>\n<meta property=\"og:site_name\" content=\"Metro Cuadrado\" \/>\n<meta property=\"article:publisher\" content=\"https:\/\/www.facebook.com\/metro2cuadradoEC\" \/>\n<meta property=\"article:modified_time\" content=\"2023-10-28T02:11:48+00:00\" \/>\n<meta property=\"og:image\" content=\"https:\/\/metro2cuadrado.com\/wp-content\/uploads\/2019\/05\/CAC-SantaElena.png\" \/>\n\t<meta property=\"og:image:width\" content=\"669\" \/>\n\t<meta property=\"og:image:height\" content=\"361\" \/>\n\t<meta property=\"og:image:type\" content=\"image\/png\" \/>\n<meta name=\"twitter:card\" content=\"summary_large_image\" \/>\n<meta name=\"twitter:label1\" content=\"Est. reading time\" \/>\n\t<meta name=\"twitter:data1\" content=\"1 minute\" \/>\n<script type=\"application\/ld+json\" class=\"yoast-schema-graph\">{\"@context\":\"https:\/\/schema.org\",\"@graph\":[{\"@type\":\"WebPage\",\"@id\":\"https:\/\/metro2cuadrado.com\/portfolio\/project-1\/\",\"url\":\"https:\/\/metro2cuadrado.com\/portfolio\/project-1\/\",\"name\":\"Centro de Atenci\u00f3n Ciudadana Santa Elena - Metro Cuadrado\",\"isPartOf\":{\"@id\":\"https:\/\/metro2cuadrado.com\/#website\"},\"primaryImageOfPage\":{\"@id\":\"https:\/\/metro2cuadrado.com\/portfolio\/project-1\/#primaryimage\"},\"image\":{\"@id\":\"https:\/\/metro2cuadrado.com\/portfolio\/project-1\/#primaryimage\"},\"thumbnailUrl\":\"https:\/\/metro2cuadrado.com\/wp-content\/uploads\/2019\/05\/CAC-SantaElena.png\",\"datePublished\":\"2019-05-20T18:41:14+00:00\",\"dateModified\":\"2023-10-28T02:11:48+00:00\",\"breadcrumb\":{\"@id\":\"https:\/\/metro2cuadrado.com\/portfolio\/project-1\/#breadcrumb\"},\"inLanguage\":\"en-US\",\"potentialAction\":[{\"@type\":\"ReadAction\",\"target\":[\"https:\/\/metro2cuadrado.com\/portfolio\/project-1\/\"]}]},{\"@type\":\"ImageObject\",\"inLanguage\":\"en-US\",\"@id\":\"https:\/\/metro2cuadrado.com\/portfolio\/project-1\/#primaryimage\",\"url\":\"https:\/\/metro2cuadrado.com\/wp-content\/uploads\/2019\/05\/CAC-SantaElena.png\",\"contentUrl\":\"https:\/\/metro2cuadrado.com\/wp-content\/uploads\/2019\/05\/CAC-SantaElena.png\",\"width\":669,\"height\":361},{\"@type\":\"BreadcrumbList\",\"@id\":\"https:\/\/metro2cuadrado.com\/portfolio\/project-1\/#breadcrumb\",\"itemListElement\":[{\"@type\":\"ListItem\",\"position\":1,\"name\":\"Portada\",\"item\":\"https:\/\/metro2cuadrado.com\/\"},{\"@type\":\"ListItem\",\"position\":2,\"name\":\"Portfolios\",\"item\":\"https:\/\/metro2cuadrado.com\/portfolio\/\"},{\"@type\":\"ListItem\",\"position\":3,\"name\":\"Centro de Atenci\u00f3n Ciudadana Santa Elena\"}]},{\"@type\":\"WebSite\",\"@id\":\"https:\/\/metro2cuadrado.com\/#website\",\"url\":\"https:\/\/metro2cuadrado.com\/\",\"name\":\"Metro Cuadrado\",\"description\":\"Arquitectura e Ingenier&iacute;a\",\"potentialAction\":[{\"@type\":\"SearchAction\",\"target\":{\"@type\":\"EntryPoint\",\"urlTemplate\":\"https:\/\/metro2cuadrado.com\/?s={search_term_string}\"},\"query-input\":\"required name=search_term_string\"}],\"inLanguage\":\"en-US\"}]}<\/script>\n<!-- \/ Yoast SEO plugin. -->","yoast_head_json":{"title":"Centro de Atenci\u00f3n Ciudadana Santa Elena - Metro Cuadrado","robots":{"index":"index","follow":"follow","max-snippet":"max-snippet:-1","max-image-preview":"max-image-preview:large","max-video-preview":"max-video-preview:-1"},"canonical":"https:\/\/metro2cuadrado.com\/en\/portfolio\/project-1\/","og_locale":"en_US","og_type":"article","og_title":"Centro de Atenci\u00f3n Ciudadana Santa Elena - Metro Cuadrado","og_description":"SANTA ELENA, 28 de abril de 2014 hasta el 31 marzo 2015","og_url":"https:\/\/metro2cuadrado.com\/en\/portfolio\/project-1\/","og_site_name":"Metro Cuadrado","article_publisher":"https:\/\/www.facebook.com\/metro2cuadradoEC","article_modified_time":"2023-10-28T02:11:48+00:00","og_image":[{"width":669,"height":361,"url":"https:\/\/metro2cuadrado.com\/wp-content\/uploads\/2019\/05\/CAC-SantaElena.png","type":"image\/png"}],"twitter_card":"summary_large_image","twitter_misc":{"Est. reading time":"1 minute"},"schema":{"@context":"https:\/\/schema.org","@graph":[{"@type":"WebPage","@id":"https:\/\/metro2cuadrado.com\/portfolio\/project-1\/","url":"https:\/\/metro2cuadrado.com\/portfolio\/project-1\/","name":"Centro de Atenci\u00f3n Ciudadana Santa Elena - Metro Cuadrado","isPartOf":{"@id":"https:\/\/metro2cuadrado.com\/#website"},"primaryImageOfPage":{"@id":"https:\/\/metro2cuadrado.com\/portfolio\/project-1\/#primaryimage"},"image":{"@id":"https:\/\/metro2cuadrado.com\/portfolio\/project-1\/#primaryimage"},"thumbnailUrl":"https:\/\/metro2cuadrado.com\/wp-content\/uploads\/2019\/05\/CAC-SantaElena.png","datePublished":"2019-05-20T18:41:14+00:00","dateModified":"2023-10-28T02:11:48+00:00","breadcrumb":{"@id":"https:\/\/metro2cuadrado.com\/portfolio\/project-1\/#breadcrumb"},"inLanguage":"en-US","potentialAction":[{"@type":"ReadAction","target":["https:\/\/metro2cuadrado.com\/portfolio\/project-1\/"]}]},{"@type":"ImageObject","inLanguage":"en-US","@id":"https:\/\/metro2cuadrado.com\/portfolio\/project-1\/#primaryimage","url":"https:\/\/metro2cuadrado.com\/wp-content\/uploads\/2019\/05\/CAC-SantaElena.png","contentUrl":"https:\/\/metro2cuadrado.com\/wp-content\/uploads\/2019\/05\/CAC-SantaElena.png","width":669,"height":361},{"@type":"BreadcrumbList","@id":"https:\/\/metro2cuadrado.com\/portfolio\/project-1\/#breadcrumb","itemListElement":[{"@type":"ListItem","position":1,"name":"Portada","item":"https:\/\/metro2cuadrado.com\/"},{"@type":"ListItem","position":2,"name":"Portfolios","item":"https:\/\/metro2cuadrado.com\/portfolio\/"},{"@type":"ListItem","position":3,"name":"Centro de Atenci\u00f3n Ciudadana Santa Elena"}]},{"@type":"WebSite","@id":"https:\/\/metro2cuadrado.com\/#website","url":"https:\/\/metro2cuadrado.com\/","name":"Metro Cuadrado","description":"Arquitectura e Ingenier&iacute;a","potentialAction":[{"@type":"SearchAction","target":{"@type":"EntryPoint","urlTemplate":"https:\/\/metro2cuadrado.com\/?s={search_term_string}"},"query-input":"required name=search_term_string"}],"inLanguage":"en-US"}]}},"_links":{"self":[{"href":"https:\/\/metro2cuadrado.com\/en\/wp-json\/wp\/v2\/portfolio\/180","targetHints":{"allow":["GET"]}}],"collection":[{"href":"https:\/\/metro2cuadrado.com\/en\/wp-json\/wp\/v2\/portfolio"}],"about":[{"href":"https:\/\/metro2cuadrado.com\/en\/wp-json\/wp\/v2\/types\/portfolio"}],"replies":[{"embeddable":true,"href":"https:\/\/metro2cuadrado.com\/en\/wp-json\/wp\/v2\/comments?post=180"}],"version-history":[{"count":5,"href":"https:\/\/metro2cuadrado.com\/en\/wp-json\/wp\/v2\/portfolio\/180\/revisions"}],"predecessor-version":[{"id":572,"href":"https:\/\/metro2cuadrado.com\/en\/wp-json\/wp\/v2\/portfolio\/180\/revisions\/572"}],"wp:featuredmedia":[{"embeddable":true,"href":"https:\/\/metro2cuadrado.com\/en\/wp-json\/wp\/v2\/media\/308"}],"wp:attachment":[{"href":"https:\/\/metro2cuadrado.com\/en\/wp-json\/wp\/v2\/media?parent=180"}],"wp:term":[{"taxonomy":"portfolio_cat","embeddable":true,"href":"https:\/\/metro2cuadrado.com\/en\/wp-json\/wp\/v2\/portfolio_cat?post=180"},{"taxonomy":"portfolio_skills","embeddable":true,"href":"https:\/\/metro2cuadrado.com\/en\/wp-json\/wp\/v2\/portfolio_skills?post=180"}],"curies":[{"name":"wp","href":"https:\/\/api.w.org\/{rel}","templated":true}]}}

Centro de Atención Ciudadana Santa Elena

<div class="wpb-content-wrapper"><div class="vc_row wpb_row row top-row"><div class="vc_column_container col-md-12"><div class="wpb_wrapper vc_column-inner">
	<div class="wpb_text_column wpb_content_element" >
		<div class="wpb_wrapper">
			<p>El CAC de Santa Elena nació de la transformación de un centro comercial en un espacio que atiende a las necesidades del sector público y la comunidad. Ofrece oficinas funcionales para los trabajadores, amplios espacios para la ciudadanía y todos los servicios esenciales que la comunidad requiere, proporcionando un lugar eficiente y accesible para todos.</p>

		</div>
	</div>
</div></div></div>
</div>

<!-- This site is optimized with the Yoast SEO plugin v22.7 - https://yoast.com/wordpress/plugins/seo/ -->
<title>Centro de Atención Ciudadana Santa Elena - Metro Cuadrado</title>
<meta name="robots" content="index, follow, max-snippet:-1, max-image-preview:large, max-video-preview:-1" />
<link rel="canonical" href="https://metro2cuadrado.com/en/portfolio/project-1/" />
<meta property="og:locale" content="en_US" />
<meta property="og:type" content="article" />
<meta property="og:title" content="Centro de Atención Ciudadana Santa Elena - Metro Cuadrado" />
<meta property="og:description" content="SANTA ELENA, 28 de abril de 2014 hasta el 31 marzo 2015" />
<meta property="og:url" content="https://metro2cuadrado.com/en/portfolio/project-1/" />
<meta property="og:site_name" content="Metro Cuadrado" />
<meta property="article:publisher" content="https://www.facebook.com/metro2cuadradoEC" />
<meta property="article:modified_time" content="2023-10-28T02:11:48+00:00" />
<meta property="og:image" content="https://metro2cuadrado.com/wp-content/uploads/2019/05/CAC-SantaElena.png" />
	<meta property="og:image:width" content="669" />
	<meta property="og:image:height" content="361" />
	<meta property="og:image:type" content="image/png" />
<meta name="twitter:card" content="summary_large_image" />
<meta name="twitter:label1" content="Est. reading time" />
	<meta name="twitter:data1" content="1 minute" />
<script type="application/ld+json" class="yoast-schema-graph">{"@context":"https://schema.org","@graph":[{"@type":"WebPage","@id":"https://metro2cuadrado.com/portfolio/project-1/","url":"https://metro2cuadrado.com/portfolio/project-1/","name":"Centro de Atención Ciudadana Santa Elena - Metro Cuadrado","isPartOf":{"@id":"https://metro2cuadrado.com/#website"},"primaryImageOfPage":{"@id":"https://metro2cuadrado.com/portfolio/project-1/#primaryimage"},"image":{"@id":"https://metro2cuadrado.com/portfolio/project-1/#primaryimage"},"thumbnailUrl":"https://metro2cuadrado.com/wp-content/uploads/2019/05/CAC-SantaElena.png","datePublished":"2019-05-20T18:41:14+00:00","dateModified":"2023-10-28T02:11:48+00:00","breadcrumb":{"@id":"https://metro2cuadrado.com/portfolio/project-1/#breadcrumb"},"inLanguage":"en-US","potentialAction":[{"@type":"ReadAction","target":["https://metro2cuadrado.com/portfolio/project-1/"]}]},{"@type":"ImageObject","inLanguage":"en-US","@id":"https://metro2cuadrado.com/portfolio/project-1/#primaryimage","url":"https://metro2cuadrado.com/wp-content/uploads/2019/05/CAC-SantaElena.png","contentUrl":"https://metro2cuadrado.com/wp-content/uploads/2019/05/CAC-SantaElena.png","width":669,"height":361},{"@type":"BreadcrumbList","@id":"https://metro2cuadrado.com/portfolio/project-1/#breadcrumb","itemListElement":[{"@type":"ListItem","position":1,"name":"Portada","item":"https://metro2cuadrado.com/"},{"@type":"ListItem","position":2,"name":"Portfolios","item":"https://metro2cuadrado.com/portfolio/"},{"@type":"ListItem","position":3,"name":"Centro de Atención Ciudadana Santa Elena"}]},{"@type":"WebSite","@id":"https://metro2cuadrado.com/#website","url":"https://metro2cuadrado.com/","name":"Metro Cuadrado","description":"Arquitectura e Ingenier&iacute;a","potentialAction":[{"@type":"SearchAction","target":{"@type":"EntryPoint","urlTemplate":"https://metro2cuadrado.com/?s={search_term_string}"},"query-input":"required name=search_term_string"}],"inLanguage":"en-US"}]}</script>
<!-- / Yoast SEO plugin. -->

Centro de Atención Ciudadana Santa Elena - Metro Cuadrado
